
5, 59, 73
What are the prime factors of 700?
2, 5, 7
What are the prime factors of 1489?
1489
List the prime factors of 10607.
10607
List the prime factors of 61485.
3, 5, 4099
List the prime factors of 1837.
11, 167
List the prime factors of 5525.
5, 13, 17
What are the prime factors of 891?
3, 11
List the prime factors of 7241.
13, 557
What are the prime factors of 105505?
5, 21101
What are the prime factors of 878?
2, 439
What are the prime factors of 292?
2, 73
What are the prime factors of 236?
2, 59
List the prime factors of 7891.
13, 607
What are the prime factors of 21037?
109, 193
List the prime factors of 1857.
3, 619
What are the prime factors of 28350?
2, 3, 5, 7
What are the prime factors of 159?
3, 53
What are the prime factors of 96159?
3, 7, 19, 241
What are the prime factors of 35408?
2, 2213
What are the prime factors of 25149?
3, 83, 101
What are the prime factors of 882?
2, 3, 7
What are the prime factors of 18687?
3, 6229
List the prime factors of 12932.
2, 53, 61
List the prime factors of 12823.
12823
List the prime factors of 743.
743
List the prime factors of 7377.
3, 2459
List the prime factors of 83008.
2, 1297
List the prime factors of 26959.
26959
List the prime factors of 2750.
2, 5, 11
List the prime factors of 827.
827
List the prime factors of 41.
41
List the prime factors of 27682.
2, 13841
What are the prime factors of 1655?
5, 331
List the prime factors of 8991.
3, 37
List the prime factors of 48456.
2, 3, 673
What are the prime factors of 1453?
1453
List the prime factors of 4361.
7, 89
List the prime factors of 29803.
29803
List the prime factors of 979.
11, 89
What are the prime factors of 4618?
2, 2309
List the prime factors of 2038.
2, 1019
List the prime factors of 949.
13, 73
What are the prime factors of 78250?
2, 5, 313
What are the prime factors of 909?
3, 101
List the prime factors of 556.
2, 139
What are the prime factors of 1907?
1907
List the prime factors of 14399.
7, 11, 17
What are the prime factors of 13109?
13109
What are the prime factors of 6215?
5, 11, 113
List the prime factors of 1280.
2, 5
List the prime factors of 65606.
2, 32803
What are the prime factors of 616?
2, 7, 11
List the prime factors of 11068.
2, 2767
List the prime factors of 4362.
2, 3, 727
What are the prime factors of 2?
2
List the prime factors of 8875.
5, 71
What are the prime factors of 156334?
2, 78167
List the prime factors of 13940.
2, 5, 17, 41
What are the prime factors of 236?
2, 59
List the prime factors of 71190.
2, 3, 5, 7, 113
What are the prime factors of 4747?
47, 101
List the prime factors of 32228.
2, 7, 1151
What are the prime factors of 37559?
23, 71
List the prime factors of 4017.
3, 13, 103
List the prime factors of 1086.
2, 3, 181
List the prime factors of 22989.
3, 79, 97
List the prime factors of 1411.
17, 83
List the prime factors of 117291.
3, 39097
List the prime factors of 27612.
2, 3, 13, 59
List the prime factors of 24768.
2, 3, 43
List the prime factors of 37528.
2, 4691
What are the prime factors of 20178?
2, 3, 19, 59
What are the prime factors of 451?
11, 41
What are the prime factors of 550?
2, 5, 11
List the prime factors of 109889.
13, 79, 107
What are the prime factors of 1912?
2, 239
List the prime factors of 13016.
2, 1627
What are the prime factors of 3266?
2, 23, 71
List the prime factors of 447.
3, 149
List the prime factors of 548.
2, 137
List the prime factors of 6989.
29, 241
List the prime factors of 652.
2, 163
List the prime factors of 1821.
3, 607
List the prime factors of 123.
3, 41
What are the prime factors of 93463?
93463
List the prime factors of 4487.
7, 641
List the prime factors of 45095.
5, 29, 311
What are the prime factors of 27716?
2, 13, 41
What are the prime factors of 1181?
1181
List the prime factors of 44413.
23, 1931
What are the prime factors of 23410?
2, 5, 2341
List the prime factors of 5948.
2, 1487
List the prime factors of 9653.
7, 197
List the prime factors of 4863.
3, 1621
List the prime factors of 57513.
3, 19, 1009
List the prime factors of 2749.
2749
What are the prime factors of 6907?
6907
What are the prime factors of 90681?
3, 167, 181
What are the prime factors of 1386?
2, 3, 7, 11
List the prime factors of 3113.
11, 283
List the prime factors of 2499.
3, 7, 17
List the prime factors of 17615.
5, 13, 271
List the prime factors of 5725.
5, 229
List the prime factors of 1586.
2, 13, 61
What are the prime factors of 5820?
2, 3, 5, 97
List the prime factors of 4179.
3, 7, 199
List the prime factors of 1229.
1229
What are the prime factors of 12067?
11, 1097
List the prime factors of 209397.
3, 223, 313
What are the prime factors of 17?
17
What are the prime factors of 150330?
2, 3, 5, 5011
List the prime factors of 30074.
2, 11, 1367
List the prime factors of 31115.
5, 7, 127
List the prime factors of 3541.
3541
List the prime factors of 16503.
3, 5501
List the prime factors of 25397.
109, 233
What are the prime factors of 4762?
2, 2381
List the prime factors of 182605.
5, 59, 619
What are the prime factors of 2357?
2357
List the prime factors of 9687.
3, 3229
What are the prime factors of 12457?
12457
List the prime factors of 55.
5, 11
What are the prime factors of 1077?
3, 359
What are the prime factors of 2314?
2, 13, 89
List the prime factors of 5325.
3, 5, 71
List the prime factors of 3504.
2, 3, 73
What are the prime factors of 50?
2, 5
What are the prime factors of 491?
491
What are the prime factors of 32478?
2, 3, 5413
List the prime factors of 65903.
59, 1117
What are the prime factors of 421?
421
What are the prime factors of 42432?
2, 3, 13, 17
What are the prime factors of 2021?
43, 47
What are the prime factors of 149699?
11, 31, 439
What are the prime factors of 87323?
87323
List the prime factors of 1390.
2, 5, 139
What are the prime factors of 89116?
2, 22279
List the prime factors of 7848.
2, 3, 109
List the prime factors of 1207.
17, 71
What are the prime factors of 1368?
2, 3, 19
What are the prime factors of 10268?
2, 17, 151
What are the prime factors of 5435?
5, 1087
What are the prime factors of 352?
2, 11
What are the prime factors of 149324?
2, 7, 5333
What are the prime factors of 930?
2, 3, 5, 31
What are the prime factors of 1449?
3, 7, 23
List the prime factors of 63.
3, 7
List the prime factors of 87493.
7, 29, 431
List the prime factors of 7831.
41, 191
What are the prime factors of 66555?
3, 5, 17, 29
List the prime factors of 1784.
2, 223
List the prime factors of 1399.
1399
What are the prime factors of 54852?
2, 3, 7, 653
List the prime factors of 4413.
3, 1471
List the prime factors of 11706.
2, 3, 1951
What are the prime factors of 13476?
2, 3, 1123
List the prime factors of 698.
2, 349
What are the prime factors of 6514?
2, 3257
List the prime factors of 23246.
2, 59, 197
What are the prime factors of 7023?
3, 2341
What are the prime factors of 8246?
2, 7, 19, 31
List the prime factors of 83938.
2, 41969
What are the prime factors of 2288?
2, 11, 13
List the prime factors of 11549.
11549
What are the prime factors of 1071?
3, 7, 17
What are the prime factors of 1420?
2, 5, 71
List the prime factors of 1020.
2, 3, 5, 17
List the prime factors of 1736.
2, 7, 31
What are the prime factors of 82277?
13, 6329
List the prime factors of 2736.
2, 3, 19
List the prime factors of 15134.
2, 7, 23, 47
List the prime factors of 12767.
17, 751
List the prime factors of 7851.
3, 2617
What are the prime factors of 20792?
2, 23, 113
List the prime factors of 4899.
3, 23, 71
What are the prime factors of 8113?
7, 19, 61
List the prime factors of 631.
631
List the prime factors of 132024.
2, 3, 5501
List the prime factors of 3744.
2, 3, 13
List the prime factors of 651.
3, 7, 31
What are the prime factors of 1067?
11, 97
List the prime factors of 90185.
5, 17, 1061
List the prime factors of 2871.
3, 11, 29
List the prime factors of 2435.
5, 487
List the prime factors of 56560.
2, 5, 7, 101
List the prime factors of 22979.
11, 2089
What are the prime factors of 9821?
7, 23, 61
What are the prime factors of 512?
2
List the prime factors of 11786.
2, 71, 83
List the prime factors of 2736.
2, 3, 19
List the prime factors of 4143.
3, 1381
What are the prime factors of 54780?
2, 3, 5, 11, 83
List the prime factors of 24